{"id":330,"date":"2020-01-02T18:26:44","date_gmt":"2020-01-02T21:26:44","guid":{"rendered":"http:\/\/prueba.santeriaindiecito.com.ar\/?page_id=330"},"modified":"2023-05-24T14:37:32","modified_gmt":"2023-05-24T17:37:32","slug":"atencion-al-cliente","status":"publish","type":"page","link":"https:\/\/santeriaindiecito.com.ar\/index.php\/atencion-al-cliente\/","title":{"rendered":"Atenci\u00f3n al cliente"},"content":{"rendered":"\t\t<div data-elementor-type=\"wp-page\" data-elementor-id=\"330\" class=\"elementor elementor-330\">\n\t\t\t\t\t\t\t\t\t<section class=\"elementor-section elementor-top-section elementor-element elementor-element-bec8462 elementor-section-boxed elementor-section-height-default elementor-section-height-default\" data-id=\"bec8462\" data-element_type=\"section\">\n\t\t\t\t\t\t<div class=\"elementor-container elementor-column-gap-default\">\n\t\t\t\t\t<div class=\"elementor-column elementor-col-100 elementor-top-column elementor-element elementor-element-1e327ec\" data-id=\"1e327ec\" data-element_type=\"column\">\n\t\t\t<div class=\"elementor-widget-wrap elementor-element-populated\">\n\t\t\t\t\t\t\t\t<div class=\"elementor-element elementor-element-a49aca0 elementor-widget elementor-widget-text-editor\" data-id=\"a49aca0\" data-element_type=\"widget\" data-widget_type=\"text-editor.default\">\n\t\t\t\t<div class=\"elementor-widget-container\">\n\t\t\t\t\t\t\t<h3 style=\"text-align: center;\"><strong>Informaci\u00f3n importante y <\/strong><strong>condiciones para la Compra<\/strong><strong> en EL INDIECITO<\/strong><\/h3>\n<p><strong>Puntos a tener en cuenta para su compra: <\/strong><\/p>\n<p><strong>Lugar de Residencia <\/strong><br>En C\u00f3rdoba Capital la entrega se realizar\u00e1 a partir de las 12hs. \u00f3 24 hs de la confirmaci\u00f3n telef\u00f3nica (Whatsapp) de su compra. <br>En el interior del pa\u00eds la entrega se realizar\u00e1 a partir de las 24 hs. de la confirmaci\u00f3n telef\u00f3nica de su compra.<\/p>\n<p><strong>Confirmaci\u00f3n de la Compra <br>Para aquellas compras cuyo monto no superen los <\/strong>$50.000 las 24hs. en la entrega rigen a partir de la confirmaci\u00f3n que se har\u00e1 por la v\u00eda que usted haya elegido contactarnos (Whatsapp, telefon\u00eda fija, email) a trav\u00e9s de nuestro equipo de trabajo. En el caso de las compras que se hayan hecho a trav\u00e9s de una transacci\u00f3n bancaria, las 24hs. en la entrega, rigen a partir de la confirmaci\u00f3n de la acreditaci\u00f3n del dinero. Al enviar el comprobante v\u00eda WhatsApp, por favor recuerde que debe colocar fecha, apellido y nombre.<\/p>\n<p><strong>Informaci\u00f3n Acerca del Estado de los Pedidos<\/strong> <br>Cuando Ud. cierra su compra, se procede al armado, facturaci\u00f3n y embalaje del mismo. En el caso de contar usted con su flete de elecci\u00f3n, la empresa se encarga de llamarlo para que retire su compra o acordamos con un servicio para despacharlo en el domicilio convenido (dentro de la Ciudad de C\u00f3rdoba). De lo contrario queda en nuestro dep\u00f3sito a la espera del retiro pactado con Usted (personal, de comisionista, de otro servicio de entrega). <br>Le mantendremos informado de cualquier novedad que se produzca en todo este proceso, de manera que su experiencia de compra con nuestra casa sea de excelencia.<\/p>\n<p><strong>Formas de Pago <\/strong><\/p>\n<p>Las formas de pago con las que operamos es a trav\u00e9s de transferencia bancaria, dep\u00f3sito, Mercado Pago, y&nbsp; tarjetas de cr\u00e9dito<br><span style=\"color: var( --e-global-color-text ); font-family: var( --e-global-typography-text-font-family ), Sans-serif; font-weight: var( --e-global-typography-text-font-weight ); background-color: var(--nv-site-bg);\">Con tarjeta de cr\u00e9dito podr\u00e1 abonar hasta en cuotas con recargos adicionales del precio de lista.<\/span><br><\/p>\n<p><strong>IMPORTANTE: TODAS LAS COMPRAS EFECTUADAS CON TARJETA DE CREDITO DEBERAN SER REALIZADAS OBLIGATORIAMENTE Y SIN NINGUNA EXCEPCION POR SU TITULAR, EN CASO CONTRARIO, SE PROCEDERA A LA ANULACION DEL PEDIDO. <\/strong><\/p>\n<p>NO SE ACEPTAN TARJETAS EXTRANJERAS.<\/p>\n<p>La financiaci\u00f3n es a cargo de las tarjetas de cr\u00e9dito mencionadas anteriormente.<\/p>\n<p><strong>Proceso de pago mediante: <\/strong><\/p>\n<p>1- Dep\u00f3sito, transferencia, limk de pago desde cualquier punto del pa\u00eds.&nbsp;<\/p>\n<p>Llamar a los tel\u00e9fonos tel.: (0351) 4226393 y 3517364433 y&nbsp; le informaremos el procedimiento como los datos necesarios para realizar la operaci\u00f3n.<\/p>\n<p>2- Transferencias bancarias<\/p>\n<p>Una vez realizada la operaci\u00f3n bancaria de su elecci\u00f3n, por favor env\u00edenos a la brevedad el comprobante de la operaci\u00f3na trav\u00e9s de nuestro Whatsapp o email.<\/p>\n<p><br>Atenci\u00f3n: Santer\u00eda \u2013 Herborister\u00eda &#8211; Diet\u00e9tica EL INDIECITO<\/p>\n<p>Una vez acreditado su pago, nos pondremos en contacto v\u00eda telef\u00f3nica para confirmar la recepci\u00f3n de su pago y coordinar el env\u00edo de su compra dentro de las 24 hs. h\u00e1biles si usted lo recibiera en C\u00f3rdoba Capital o ciudades cabecera del interior del pa\u00eds y dentro de las 72 hs. h\u00e1biles para el resto de las ciudades del interior del pa\u00eds. <br>Pasadas las 48 horas h\u00e1biles a partir del momento en que realiz\u00f3 el dep\u00f3sito o la transferencia bancaria, si no recibi\u00e9ramos su comprobante de pago, su compra ser\u00e1 cancelada.<\/p>\n<p>Usted puede hacer el seguimiento de su pedido llam\u00e1ndonos a nuestros tel\u00e9fonos y ser\u00e1 informado por nuestro equipo de trabajo.<\/p>\n<p>Importante: <br>No se aceptan transferencias procedentes desde el exterior. <br>El monto en pesos de cada producto no podr\u00e1 ser fraccionado. <br>Cuando la compra se realice a trav\u00e9s de una transferencia o dep\u00f3sito bancario, deber\u00e1 ser abonada por su valor total.<\/p>\n<p>Facturaci\u00f3n <br>Informe su condici\u00f3n tributaria ante AFIP para que reciba el comprobante de pago adecuado.<\/p>\n<p>Confirmaci\u00f3n de Datos Personales <br>Toda confirmaci\u00f3n telef\u00f3nica de sus datos personales que se realice despu\u00e9s de las 15:00hs., se entregar\u00e1 a las 48 hs.<\/p>\n<p><strong>Formas de Entrega <\/strong><\/p>\n<p>El env\u00edo dentro de la ciudad de C\u00f3rdoba posee cargo diferenciado de acuerdo a la distancia (dentro o fuera de circunvalaci\u00f3n) <br>La mercader\u00eda corre por cuenta y riesgo del cliente. <br>El plazo de entrega de su pedido es de 24 hs. h\u00e1biles a partir de la confirmaci\u00f3n v\u00eda telef\u00f3nica de su compra dentro de la ciudad de C\u00f3rdoba. <br>En el resto de las ciudades del interior del pa\u00eds el plazo de entrega es de 72 hs. h\u00e1biles a partir de la confirmaci\u00f3n v\u00eda telef\u00f3nica de su compra. <br>Los despachos se realizan de lunes a viernes, excepto los d\u00edas 1\u00b0 de enero, Jueves y Viernes Santos, 1\u00b0 de mayo, 25 de mayo, 9 de julio, 24, 25 y 31 de diciembre y dem\u00e1s d\u00edas feriados y no laborables.<\/p>\n<p>Por favor tenga presente que los pedidos de compras recibidas los d\u00edas viernes a partir de las 16 hs. comenzar\u00e1n a ser procesados a partir del d\u00eda h\u00e1bil siguiente. <br>Para su mayor comodidad y seguridad los env\u00edos son puerta a puerta, es decir que la entrega se efectuar\u00e1 en el domicilio de destino. Usted tendr\u00e1 la posibilidad de seleccionar entre dos domicilios de entrega (personal o de otro servicio de flete o despacho).&nbsp;<\/p><p>La entrega de la mercader\u00f3a es coordinada y convenida personalmente<br><\/p><p>Ante la imposibilidad de entrega, el env\u00edo quedar\u00e1 en resguardo de El INDIECITO AV. OLMOS 251. Usted ser\u00e1 avisado de esto y podr\u00e1 comunicarse para coordinar una nueva entrega por el t\u00e9rmino de 4 d\u00edas h\u00e1biles, transcurridos estos plazos la mercader\u00eda retornar\u00e1 a nuestro dep\u00f3sito.<\/p>\n<p>Para conocer el plazo de env\u00edo en su localidad deber\u00e1 informarse por cualquier medio de comunicaci\u00f3n de Atenci\u00f3n al cliente de EL INDIECITO.<\/p>\n<p><strong>Compras Realizadas desde el interior de la provincia o pa\u00eds. <\/strong><\/p>\n<p>Para agilizar los tiempos en la entrega de la mercader\u00eda y para garantizar una mayor seguridad en la recepci\u00f3n de la misma, en todos los env\u00edos cuyo destino sea fuera de la ciudad de C\u00f3rdoba, el cliente deber\u00e1: <br>-Designar un transporte para el env\u00edo de la mercader\u00eda. <br>-Al momento de la confirmaci\u00f3n de la compra v\u00eda telef\u00f3nica, el cliente deber\u00e1 informar el nombre, tel\u00e9fonos, direcci\u00f3n de e-mail del transporte, y su direcci\u00f3n en C\u00f3rdoba Capital. <br>De ser necesario ser\u00e1 convenido entre las partes el traslado de la mercader\u00eda&nbsp; hasta la empresa del transporte designado por el cliente. <br>-El costo del transporte hasta destino correr\u00e1 por cuenta del cliente. (Flete y seguro)<\/p>\t\t\t\t\t\t<\/div>\n\t\t\t\t<\/div>\n\t\t\t\t\t<\/div>\n\t\t<\/div>\n\t\t\t\t\t\t\t<\/div>\n\t\t<\/section>\n\t\t\t\t\t\t\t<\/div>\n\t\t","protected":false},"excerpt":{"rendered":"<p>Informaci\u00f3n importante y condiciones para la Compra en EL INDIECITO Puntos a tener en cuenta para su compra: Lugar de Residencia En C\u00f3rdoba Capital la entrega se realizar\u00e1 a partir de las 12hs. \u00f3 24 hs de la confirmaci\u00f3n telef\u00f3nica (Whatsapp) de su compra. En el interior del pa\u00eds la entrega se realizar\u00e1 a partir&hellip;&nbsp;<a href=\"https:\/\/santeriaindiecito.com.ar\/index.php\/atencion-al-cliente\/\" class=\"\" rel=\"bookmark\">Leer m\u00e1s &raquo;<span class=\"screen-reader-text\">Atenci\u00f3n al cliente<\/span><\/a><\/p>\n","protected":false},"author":1,"featured_media":0,"parent":0,"menu_order":0,"comment_status":"closed","ping_status":"closed","template":"page-templates\/template-pagebuilder-full-width.php","meta":{"neve_meta_sidebar":"","neve_meta_container":"","neve_meta_enable_content_width":"","neve_meta_content_width":0,"neve_meta_title_alignment":"","neve_meta_author_avatar":"","neve_post_elements_order":"","neve_meta_disable_header":"","neve_meta_disable_footer":"","neve_meta_disable_title":"","footnotes":"","_joinchat":[]},"_links":{"self":[{"href":"https:\/\/santeriaindiecito.com.ar\/index.php\/wp-json\/wp\/v2\/pages\/330"}],"collection":[{"href":"https:\/\/santeriaindiecito.com.ar\/index.php\/wp-json\/wp\/v2\/pages"}],"about":[{"href":"https:\/\/santeriaindiecito.com.ar\/index.php\/wp-json\/wp\/v2\/types\/page"}],"author":[{"embeddable":true,"href":"https:\/\/santeriaindiecito.com.ar\/index.php\/wp-json\/wp\/v2\/users\/1"}],"replies":[{"embeddable":true,"href":"https:\/\/santeriaindiecito.com.ar\/index.php\/wp-json\/wp\/v2\/comments?post=330"}],"version-history":[{"count":8,"href":"https:\/\/santeriaindiecito.com.ar\/index.php\/wp-json\/wp\/v2\/pages\/330\/revisions"}],"predecessor-version":[{"id":2739,"href":"https:\/\/santeriaindiecito.com.ar\/index.php\/wp-json\/wp\/v2\/pages\/330\/revisions\/2739"}],"wp:attachment":[{"href":"https:\/\/santeriaindiecito.com.ar\/index.php\/wp-json\/wp\/v2\/media?parent=330"}],"curies":[{"name":"wp","href":"https:\/\/api.w.org\/{rel}","templated":true}]}}